{"id":151,"date":"2012-11-07T11:53:13","date_gmt":"2012-11-07T11:53:13","guid":{"rendered":"http:\/\/www.caseyreeve.com\/deutsch\/?page_id=151"},"modified":"2014-03-06T12:31:51","modified_gmt":"2014-03-06T12:31:51","slug":"meinelehrer","status":"publish","type":"page","link":"https:\/\/www.caseyreeve.com\/deutsch\/meinelehrer\/","title":{"rendered":"Meine Lehrer"},"content":{"rendered":"<p>Ich muss sagen, dass ich mit wunderbaren Lehrern gesegnet war, die mich bei jedem Schritt meines Weges begleitet haben. Sie sind gro\u00dfe Vorbilder nicht nur als Trompeter, sondern auch als bedeutende aufrechte Menschen. Ich darf sie als meine Lehrer und enge Freunde bezeichnen.<\/p>\n<h3 style=\"text-align: center;\">Studienzeit 2010 &#8211; 2013 bei Urban Agnas<\/h3>\n<p><img loading=\"lazy\" class=\"alignleft size-medium wp-image-260\" alt=\"Urban and Me\" src=\"http:\/\/www.caseyreeve.com\/deutsch\/wp-content\/uploads\/2012\/11\/DSCF1055-300x225.jpg\" width=\"300\" height=\"225\" srcset=\"https:\/\/www.caseyreeve.com\/deutsch\/wp-content\/uploads\/2012\/11\/DSCF1055-300x225.jpg 300w, https:\/\/www.caseyreeve.com\/deutsch\/wp-content\/uploads\/2012\/11\/DSCF1055-1024x768.jpg 1024w, https:\/\/www.caseyreeve.com\/deutsch\/wp-content\/uploads\/2012\/11\/DSCF1055.jpg 1280w\" sizes=\"(max-width: 300px) 100vw, 300px\" \/>Urban Agnas arbeitete als Solo-Trompeter f\u00fcr das Gothenburg Symphonie Orchester und das Royal Stockholm Philharmonic Orchester. 1986 gewann er den zweiten Preis beim ARD-Wettbewerb in M\u00fcnchen. Er ist Gr\u00fcndungsmitglied von Stockholm Chamber Brass und arbeitet seit 2001 als Professor f\u00fcr Trompete an der Hochschule f\u00fcr Musik in K\u00f6ln. Er trat als Solist mit zahlreichen Orchestern in ganz Europa auf. Er ist aktiver Lehrer und K\u00fcnstler mit h\u00e4ufigen Auftritten mit Orchestern wie dem Oslo Philharmonic Orchester.<\/p>\n<h3><\/h3>\n<h3 style=\"text-align: center;\">Studienzeit 2004 &#8211; 2010 bei Charles Schlueter<\/h3>\n<p><img loading=\"lazy\" class=\"alignright size-medium wp-image-261\" alt=\"Charlie\" src=\"http:\/\/www.caseyreeve.com\/deutsch\/wp-content\/uploads\/2012\/11\/IMG_0055-224x300.jpg\" width=\"224\" height=\"300\" srcset=\"https:\/\/www.caseyreeve.com\/deutsch\/wp-content\/uploads\/2012\/11\/IMG_0055-224x300.jpg 224w, https:\/\/www.caseyreeve.com\/deutsch\/wp-content\/uploads\/2012\/11\/IMG_0055-766x1024.jpg 766w, https:\/\/www.caseyreeve.com\/deutsch\/wp-content\/uploads\/2012\/11\/IMG_0055.jpg 1296w\" sizes=\"(max-width: 224px) 100vw, 224px\" \/>W\u00e4hrend seiner herausragenden Karriere wurde C. Schlueter eine Trompeterlegende sowohl als Lehrer wie als K\u00fcnstler. W\u00e4hrend der 25 Jahre als Solo-Trompeter (seit 2006 im Ruhestand) beim Boston Symphony Orchestra nahm er s\u00e4mtliche Mahler Symphonien, zahllose andere Symphonien, Orchestersuiten und sinfonische Dichtungen auf. W\u00e4hrend dieser Zeit arbeitete er auch an der Trompeten-Fakult\u00e4t des New England Conservatory of Music und bildete zahlreiche Studenten aus, die mittlerweile in bedeutenden Orchestern auf der gesamten Welt spielen. Vor der Zeit beim Boston Symphony Orchestra fungierte er in gleicher Funktion beim Minnesota Orchestra, dem Milwaukee Symphony und dem Kansas City Orchestra. Nicht zu vergessen seine T\u00e4tigkeit als 1.\/3. Trompeter des Cleveland Orchestra.<\/p>\n<p>Am Musikkonservatorium Juilliard School war er ein herausragender Sch\u00fcler von William Vacchiano.<\/p>\n<p>Es ehrt mich, sagen zu d\u00fcrfen, dass ich Professor Schlueters letzter offizieller Trompetenstudent am New England Conservatory war und damit ein geschichtliches Kapitel des Konservatoriums endete. Ich bin dankbar daf\u00fcr, bei einem solchen Meister lernen zu d\u00fcrfen.<\/p>\n<h3 style=\"text-align: center;\">Studienzeit 1995 &#8211; 2004 bei Fred Sautter<\/h3>\n<p><img loading=\"lazy\" class=\"alignleft size-medium wp-image-262\" alt=\"Fred\" src=\"http:\/\/www.caseyreeve.com\/deutsch\/wp-content\/uploads\/2012\/11\/IMG_0232aa-300x225.jpg\" width=\"300\" height=\"225\" srcset=\"https:\/\/www.caseyreeve.com\/deutsch\/wp-content\/uploads\/2012\/11\/IMG_0232aa-300x225.jpg 300w, https:\/\/www.caseyreeve.com\/deutsch\/wp-content\/uploads\/2012\/11\/IMG_0232aa-1024x768.jpg 1024w\" sizes=\"(max-width: 300px) 100vw, 300px\" \/>Fred Sautter arbeitete 38 Jahre lang als Chef Trompeter beim Oregon Symphony Orchestra. Vorher bekleidete er dieselbe Position bei der Hamburgischen Staatsoper.<\/p>\n<p>Viele Jahre arbeitete er als Trompetenlehrer an der Portland State University. Fr\u00fch in seiner Karriere wurde Sautter zu einem herausragenden Lehrer mit Sch\u00fclern wie u.a. Timothy Morrison und Chris Botti.<\/p>\n<p>Ich verdanke Fred, meinem wunderbaren ersten Lehrer, sehr viel. Ich wei\u00df, dass er immer mein Bestes wollte und immer an mich glaubte. Vielen Dank f\u00fcr alles, was du mir beigebracht hast!<\/p>\n","protected":false},"excerpt":{"rendered":"<p>Ich muss sagen, dass ich mit wunderbaren Lehrern gesegnet war, die mich bei jedem Schritt meines Weges begleitet haben. Sie sind gro\u00dfe Vorbilder nicht nur als Trompeter, sondern auch als bedeutende aufrechte Menschen. Ich darf sie als meine Lehrer und enge Freunde bezeichnen. Studienzeit 2010 &#8211; 2013 bei Urban Agnas Urban Agnas arbeitete als Solo-Trompeter [&hellip;]<\/p>\n","protected":false},"author":1,"featured_media":0,"parent":0,"menu_order":0,"comment_status":"closed","ping_status":"closed","template":"","meta":[],"_links":{"self":[{"href":"https:\/\/www.caseyreeve.com\/deutsch\/wp-json\/wp\/v2\/pages\/151"}],"collection":[{"href":"https:\/\/www.caseyreeve.com\/deutsch\/wp-json\/wp\/v2\/pages"}],"about":[{"href":"https:\/\/www.caseyreeve.com\/deutsch\/wp-json\/wp\/v2\/types\/page"}],"author":[{"embeddable":true,"href":"https:\/\/www.caseyreeve.com\/deutsch\/wp-json\/wp\/v2\/users\/1"}],"replies":[{"embeddable":true,"href":"https:\/\/www.caseyreeve.com\/deutsch\/wp-json\/wp\/v2\/comments?post=151"}],"version-history":[{"count":5,"href":"https:\/\/www.caseyreeve.com\/deutsch\/wp-json\/wp\/v2\/pages\/151\/revisions"}],"predecessor-version":[{"id":264,"href":"https:\/\/www.caseyreeve.com\/deutsch\/wp-json\/wp\/v2\/pages\/151\/revisions\/264"}],"wp:attachment":[{"href":"https:\/\/www.caseyreeve.com\/deutsch\/wp-json\/wp\/v2\/media?parent=151"}],"curies":[{"name":"wp","href":"https:\/\/api.w.org\/{rel}","templated":true}]}}